2 - 3/40*f**6 + 0*f + 0*f**4 + 0*f**3 + 0 - z*f**5. What is w(1)?
-10
Let b(y) = 7*y**2 + 5*y + 11. Let g(q) = q**2 + 2*q. Let t(i) = -b(i) + 6*g(i). Determine t(4).
1
Let m(z) = -76693*z**2 - 3*z + z + 38342*z**2 - 3 + 38340*z**2 - 2*z**3. Determine m(-5).
-18
Let q(b) = -b**2 - 5*b + 11. Suppose -4*h - 7 = z, -2*z + 2*h - 23 = -9. What is q(z)?
-3
Suppose -2*n + 67 - 66 = 5*i, 5*n + 4*i = 28. Let f(p) = -2*p**2 + 15*p + 11. Determine f(n).
3
Let y(b) = -8*b - 1. Suppose -3*t + 275 = 5*o - 334, 4*t = 2*o - 228. Let c = o - 123. Calculate y(c).
23
Let v(i) = 2*i**2 - i + 2. Let p(n) = -n**3 + 6*n**2 + 6*n + 8. Let j be p(7). Let h be ((-12)/(-8))/(j - (-3)/(-6)). Give v(h).
17
Suppose -m + 4*g = -g - 13, -m + 5 = 3*g. Let s(y) = y**2 + 3*y - 98. Calculate s(m).
-10
Let a(y) = y**2 - 13*y + 3. Suppose 0 = 2*t + 4*r - 362, -5*t + r = -r - 893. Suppose -231 = -4*j - t. Give a(j).
3
Let q be 4/54*3 - (-1309)/63. Let z(n) = -445*n**2 - 1 + n + n**3 + 446*n**2 - q*n**3. What is z(1)?
-19
Let j(n) = -n**3 - 5*n**2 + n + 3. Let x(k) = -k + 8. Let c be x(5). Suppose u - 17 = 5*f, -2*u - 9 = c*f + 9. Let o = u - 1. Calculate j(o).
-17
Let w(f) = -3*f - 12*f**2 + 2*f + 0*f. Let x(d) = 11*d - 11. Let a(p) = -5*p + 5. Let c(h) = 9*a(h) + 4*x(h). Let y be c(2). What is w(y)?
-11
Let r(j) = j**3 - 70*j**2 + 328*j - 183. Let k be r(65). Let t(s) = -5*s + 55. Calculate t(k).
-5
Let q(p) = 3*p - 17. Let s(l) = -l**2 - 13*l + 17. Let y be (44/33)/((-2)/21). Let n be s(y). Let j(k) = k - 6. Let h(r) = n*q(r) - 8*j(r). Give h(3).
0
Let o(z) be the second derivative of z**5/20 + 2*z**4/3 + 5*z**3/2 + 10*z**2 - z - 414. Calculate o(-7).
-36
Let p = 9304 + -9311. Let t(a) = -2*a**3 - 12*a**2 + 16*a + 31. What is t(p)?
17
Let g(q) = -12*q + 55. Let o be (42/(-10))/((-637)/2275). Calculate g(o).
-125
Let d(r) be the first derivative of -5*r**2 - 10*r + 130. Give d(9).
-100
Let v(h) = h**3 + h - 18. Let w(c) = -c**3 - 21*c**2 - 24*c - 28. Let o be w(-20). Let i = o + -54. Let n be 1*i/6*0. Calculate v(n).
-18
Suppose 0*u + 5*u - 20 = 0. Let o(c) = -c**3 + 5*c**2 - 6*c. Let v be o(u). Let h(w) be the second derivative of w**3/6 + 5*w**2 + 201*w. What is h(v)?
2
Let t(c) = 363 + 2*c - 11*c**2 - 364 + 10*c**2. Determine t(3).
-4
Let o(t) = -t**3 + 5*t**2 + 10*t - 10. Let w(f) = 79*f - 6707. Let b be w(85). What is o(b)?
-122
Suppose -4*l = -5*m, 3*l - m - 3 = 2*m. Let a(n) be the second derivative of -1/20*n**l - 7/2*n**2 + 1/2*n**4 + 0 + 16*n - n**3. Determine a(5).
-12
Suppose i = 9*i - 432. Suppose 5*q = 7*q - i. Let w(y) = -2*y**2 + q*y - 17*y - 11*y. Calculate w(1).
-3
Let g(p) = -2*p - 12. Suppose -312*y - 473 = -4*y + 5995. What is g(y)?
30
Let n(o) = o**2 + 17*o + 45. Let u be n(-14). Let l(x) = 0 - 12*x**2 + 1 + u*x + 10*x**2 + x**2. Give l(3).
1
Let j(z) = -z - 1. Suppose -50*d - 22 = 628. Determine j(d).
12
Let n(l) be the second derivative of -l**5/20 + l**3/2 - 7*l**2/2 + 5167*l. Calculate n(-4).
45
Let g(t) be the third derivative of -t**7/1008 - 7*t**6/720 - t**5/30 - 9*t**3/2 + 3*t**2 + 11*t. Let n(h) be the third derivative of g(h). Determine n(-3).
8
Let h(j) = -j**2 + 4*j + 10. Let k be h(6). Let i(t) = -3*t**3 + 5*t**2 + 5*t + 19. Let n be i(-4). Let c(l) = -n + 2*l**2 + 272 - 8*l**2 - l. Give c(k).
-21
Let o(p) = 4*p + 38. Let r(f) = -25*f - 163. Let l(n) = -9*o(n) - 2*r(n). Give l(5).
54
Suppose -4*r = 3*q - 15, q + 4*q + 3 = -2*r. Let v be (r/10)/(1/(-5)). Let d(i) = 5*i + i**3 + 5*i**2 - i**3 + 2 + i**3. Give d(v).
5
Let q(w) = -34*w - 1. Let g(i) be the first derivative of 68*i**2 + 4*i - 80. Let l(n) = -2*g(n) - 9*q(n). What is l(1)?
35
Let o(j) be the first derivative of j**5/60 - j**4/4 + j**3/3 - 8*j**2 + 38. Let g(i) be the second derivative of o(i). Give g(4).
-6
Let r(x) = -x + 15. Let m(b) = -b + 10. Let t(n) = -7*m(n) + 5*r(n). Suppose 9*f - 195 = -150. Let l(j) = -j - 4. Let d(z) = f*t(z) + 6*l(z). Determine d(1).
5
Let k(p) = -17*p + 399 - 141 - p - 167 - 167. Give k(-4).
-4
Let c(h) = h**3 + 3*h**2 - 4. Let r(y) = -y. Let m(o) = 4*o**2 - 3*o - 5. Let v(f) = m(f) - 3*r(f). Let w(u) = -4*c(u) + 3*v(u). What is w(1)?
-3
Let a = -241 - -243. Let z(v) = -7*v**2 + v**a + 3*v**2 + 2*v - v**2. Give z(-2).
-20
Suppose -68*b + 71*b - 60 = 0. Let i(a) = -43*a + b*a + 21*a + 5. What is i(5)?
-5
Let k(r) = -r**3 + 13*r**2 + 9*r + 12. Let s(t) = -2*t**3 + 25*t**2 + 16*t + 27. Let m(g) = 9*k(g) - 4*s(g). Give m(18).
-18
Let m(v) = 27*v - 9*v + 2 - 17*v - 3*v. Let i = -5 + 9. What is m(i)?
-6
Let b(c) = 28*c**2 - 140*c + 6. Let d be b(5). Let x be (-27)/d*(-88)/(-66). Let o(p) = -p. Determine o(x).
6
Let y(t) = -27*t - t**3 + 15*t**2 + 1375 + 1245 - 2603. Let f(w) = -w**2 - 7*w + 3. Let z be f(-5). Give y(z).
4
Suppose -4*v + 2*x + 16 = 3*x, 2*v - 5*x + 14 = 0. Let h be 4*(-1)/(-4) - -1. Let g(q) = -6*q**h + v*q + q**3 - 1 - 2 - 5. Determine g(6).
10
Let i = -5292 + 5283. Let g(p) = p + 15. Give g(i).
6
Suppose 52 = 3*q + 25. Let v(j) = 3*j + 5. Determine v(q).
32
Let c(q) = -q**3 + 6*q**2 + 87*q + 54. Let k be c(13). Let j(v) = 4*v**3 + v**2 - 5*v + 2. Calculate j(k).
28
Let a(f) be the first derivative of 3*f**2/2 - 16*f - 926. Calculate a(10).
14
Let g(w) be the first derivative of -9*w**2/2 - 4*w - 1. Suppose -4*l = 4*o + 1597 + 5207, o + 5*l = -1705. Let k be (-340)/o + ((-16)/5 - 0). What is g(k)?
23
Let c = 252 + -238. Suppose -c*j - 13*j - 162 = 0. Let g(n) = n**2 + 9*n + 3. Give g(j).
-15
Let v(i) = i**3 + 6*i**2 + 6*i + 4. Suppose -34*q - 165 = -q. Calculate v(q).
-1
Let a(c) = 554 + 5*c**3 + 4*c - 277 - 5*c - 4*c**3 - 281. Suppose 2*k + 1 = 15. Suppose k*h = 6*h. Give a(h).
-4
Let z = -105 - -144. Let k be (-38)/(-7) - z/91. Let w(s) = 5*s**2 - 5*s + 6. Let r(t) = -5*t**2 + 4*t - 5. Let g(l) = k*r(l) + 4*w(l). Determine g(-1).
-6
Let s(v) be the second derivative of v**5/20 + v**4/6 + v**3/3 - 3*v**2/2 + 11*v + 2. Give s(2).
17
Let c be (-536)/469 + (-3)/(-21). Let z(m) = 19*m**3 + 2*m**2 - 2*m - 3. Determine z(c).
-18
Let r = -454 - -448. Let v(k) be the first derivative of -2*k**2 - 7*k - 35. What is v(r)?
17
Suppose 2*o + 4 = -2*s + 2, -5*s + 15 = o. Suppose -3*q = -3*v - 9, -2*v = -6*v - 3*q + 23. Let n(h) = 1 - v*h - 5 + 57*h**2 - 56*h**2. Determine n(s).
4
Let x(a) = -a**2 + 8*a + 3. Suppose 3*h = -20*h + 391. Suppose 40 = h*z - 113. Determine x(z).
-6
Let z(d) = 128*d - 19. Let a(f) = -74*f + 11. Let m(h) = 7*a(h) + 4*z(h). Give m(4).
-23
Let z be -3*1*5 - (-9)/(-3). Let x = z + 20. Let i(u) = u - 4*u + x*u + 2*u**3 - u**2. What is i(-1)?
-2
Let p(f) = -3*f**3 + 8*f**2 - 6*f + 5. Let g(y) = 4*y**3 - 12*y**2 + 9*y - 8. Let a(c) = 5*g(c) + 7*p(c). Let r be -6 + (-15)/((-60)/8). Give a(r).
-17
Let g(b) = 13*b**2 - 3*b - 11. Let w be g(-1). Let s(m) = -m**3 + 7*m**2 - 14*m + 7. Give s(w).
-13
Let i be (32/(-24))/((-12)/(-18)). Suppose 0 = -2*o + 12 - 4. Let f(m) = -o*m + 2*m + m - 2. Give f(i).
0
Suppose -p - 6*p = -210. Let h = p - 15. Suppose -8*z + 11*z - h = 0. Let n(r) = -r**2 + 3*r + 5. Give n(z).
-5
Let v(j) be the first derivative of -31*j**3 - j**2 + j + 584. Give v(1).
-94
Suppose 2*i - v - 32 = -0*i, -4 = -2*v. Suppose i = -o + 4*w + w, -w = -4*o + 8. Let y(g) = -2*g - 39 + o*g + 41. Determine y(7).
9
Let x(j) = 2*j + 2. Let s(g) = 2 - 38*g + 1 + 43*g. Let c be s(-1). Give x(c).
-2
Let n(d) = 3*d**3 + 33*d**2 + 32*d + 46. Let m(r) = 5*r**3 + 62*r**2 + 65*r + 91. Let o(l) = -4*m(l) + 7*n(l). Calculate o(19).
-4
Let b(x) = x**2 - 32*x + 58. Let w(o) = -2*o**3 + 46*o**2 + 9*o - 178. Let h be w(23). Give b(h).
-29
Let g(d) = -26*d + 363. Suppose -2*b - 10*h + 24 = -12*h, -5*b - h + 72 = 0. What is g(b)?
-1
Let f(h) = h**3 - 8*h**2 + 2*h - 8. Let x be 15/(-2)*(-48)/20. Suppose -2*u = -4*p + x, -3*p = 5*u - 7 - 13. Let j be 1 + 1 - (-6)/u. Calculate f(j).
8
Let k be 2/(-4) + 5*(-2)/(-4). Let y be (-3)/k*440/60. Let b(c) = -c - 24. What is b(y)?
-13
Let x(l) = 28*l - 170. Let p be 16/(-10)*(-120)/30 + (-2)/5. What is x(p)?
-2
Let q = 330 - -278. Let m = q - 607. Let b(k) = -12*k**3 - k**2 + k. Give b(m).
-12
Let t(x) = -4*x**3 + 8*x**2 + 4*x - 18. Let r(y) = 21*y**3 - 36*y**2 - 21*y + 90. Let w(o) = -2*r(o) - 11*t(o). Determine w(8).
2
Let k(g) be the third derivative of g**5/60 - 5*g**4/12 + 2*g**3 - 2746*g**2. Let z = 12 - 4. W